)/108*118266?
7, 2503
Suppose 4*h = 5*n - 76, 5*n + 2*h = h + 56. Suppose 2*p + n = 2*v, 0 = 4*p + 3*v + 2*v + 6. What are the prime factors of 0 - p - (-52 + 2)?
2, 3
Let y(r) = 18*r**2 - r + 16611. What are the prime factors of y(0)?
3, 7, 113
List the prime factors of 519/(-346)*(-59932)/3.
2, 14983
Let n = -559 + 1074. Let g be (5 - (-106 + -5 - -6 - -4)) + 7. Suppose -u = -4*m + n, -m + g = -2*u + 7*u. What are the prime factors of m?
2
Let x(o) = 56*o**2 + 11*o - 16. Let s be x(6). Suppose 5*r = 1054 + s. Suppose -5*i = -2*i - l - 478, 4*l = 4*i - r. What are the prime factors of i?
7, 23
Let y = -53213 + 82271. What are the prime factors of y?
2, 3, 29, 167
Let p(q) = q**3 - 10*q**2 + 404*q - 249. List the prime factors of p(38).
5, 29, 383
Suppose 5*a - 3*j - 12239 = 0, -1159 = -3*a - j + 6176. List the prime factors of a.
2, 1223
What are the prime factors of 11550 + -3 - (4 + 77/11)?
2, 7, 103
Let i(s) = s**3 + 4*s**2 + 4*s + 3. Let m be i(-3). Let l(o) = -o**2 - 3*o + 822. What are the prime factors of l(m)?
2, 3, 137
Suppose 4*j = 3*j. Suppose i - 2*i + 186 = j. Let z = i + -102. What are the prime factors of z?
2, 3, 7
Let n = 20 + -18. Let x be n/((-12)/57)*-2. Let f = -15 + x. What are the prime factors of f?
2
Suppose -14*b + 181 + 43 = 0. Suppose b*a - 2868 - 220 = 0. List the prime factors of a.
193
Let b = -16855 + 22383. List the prime factors of b.
2, 691
Suppose -7*u + 6 = -4*u. Suppose 5 = 5*g, 805 = -u*s + g + 2336. List the prime factors of s.
2, 383
List the prime factors of (-1325268)/(-27) - (-102)/17.
2, 5, 4909
Let f(n) = -3*n + 5362. List the prime factors of f(0).
2, 7, 383
Suppose 517*r - 577*r + 1047060 = 0. What are the prime factors of r?
3, 7, 277
Let h = 3921 + -2768. List the prime factors of h.
1153
Suppose -23*a + 28*a = 2*w + 441, 0 = -4*w - 2*a - 846. List the prime factors of ((-357)/(-9))/(4 + w/54).
2, 3, 7, 17
Let u = 11668 + 30494. What are the prime factors of u?
2, 3, 7027
Let s = -17065 - 1277. List the prime factors of 10/(-40) - s/24.
2, 191
Let w(n) = 108*n - 584. What are the prime factors of w(43)?
2, 5, 7, 29
Let x(t) = t**2 + 12*t + 60. Let z be x(-11). Suppose 0 = -3*f - w + 117, -f + 17*w = 14*w - z. What are the prime factors of f?
2, 5
Suppose 2*v + 20 = 4*s, -6*s + s - 3*v = -14. Let b be -168 + (-3)/3 + s. Let g = b - -378. What are the prime factors of g?
3, 71
Let k = -6585 + 20832. List the prime factors of k.
3, 1583
Suppose 3365713 - 224007 = 151*q. List the prime factors of q.
2, 101, 103
Let x(q) = q**3 - 17*q**2 - 36*q - 33. Let t be x(19). Suppose 331 = -t*i + 366. What are the prime factors of i?
7
Let l = 308 - 2240. Let t be (l/(-20))/1 - 10/(-25). Suppose -6*c + 95 = -t. List the prime factors of c.
2
Suppose 170 = -2*z - 3*z. Let f be (388/(-6))/(z/(-51)). Let i = f - -164. What are the prime factors of i?
67
Let z = -93630 + 176783. List the prime factors of z.
7, 1697
Suppose 9 = 2*i - 3*q, 8*i = 3*i - 4*q + 57. Suppose 0 = -2*k + 4*k - i*k. Suppose 4*u - 642 = 3*n - 74, 5*n - 20 = k. List the prime factors of u.
5, 29
Let t(j) = -2*j**3 - j**2 - j + 10. Let r be t(-6). Let i = r + -290. List the prime factors of i.
2, 61
Let k = 976 + -976. List the prime factors of (63/(-9) - 611)*(k - 3).
2, 3, 103
Suppose 310*p + 54 = 312*p. Suppose 36*f - p*f - 1332 = 0. What are the prime factors of f?
2, 37
Let q(n) = 21*n**3 - 2*n**2 + 18*n - 53. Let m be q(3). Let h = 917 - m. List the prime factors of h.
367
Let j(s) = 13*s**2 - s - 4. Let t be j(3). Suppose 4*l + y + 75 = -13, -5*l + 2*y = t. Let r = l + 57. List the prime factors of r.
5, 7
List the prime factors of 2807/1604 + 3/(-4)*-24127.
18097
Let q(k) = 29*k + 1385. What are the prime factors of q(63)?
2, 11, 73
Let l = 8405 - 2293. List the prime factors of l.
2, 191
Suppose -75*s + 536936 = 89*s. List the prime factors of s.
2, 1637
Let m = -56 - -60. Suppose f + m*b = 53, -2*b = 2*f + 2*b - 106. Suppose 4*p - 174 = -2*t, -5*t + 112 = 4*p - f. List the prime factors of p.
3, 5
Suppose -6*q + 60 = -2*q. Let j = q + -16. Let r(c) = -145*c**3 + 2*c**2 + 3*c + 2. What are the prime factors of r(j)?
2, 73
Let r = -26436 - -35266. List the prime factors of r.
2, 5, 883
Let w be 2*(1761/(-66) - 2/(-11)). Let c be 16/(-3)*(w - -5). Let f = -120 + c. List the prime factors of f.
2, 17
Let v(w) = -1669*w + 260. Let g be v(-5). Suppose 0 = 9*j - g - 3950. List the prime factors of j.
3, 5, 31
Suppose -54*b = -1848056 - 2490574. List the prime factors of b.
5, 16069
Let c(b) = 25 - 14*b + 67 + 292. List the prime factors of c(-34).
2, 5, 43
Suppose 48 = 2*q - 5*p, -3*p - 37 = 3*q - 109. Let s be ((-8)/(-3))/(16/q). Suppose -4*m - 2*j = -m - 202, -s*m - 5*j = -281. What are the prime factors of m?
2
Let h be (0 - (-18)/(-7))/((-30)/2380). Suppose -4*k + 757 = 3*r, 5*k - h - 289 = -2*r. What are the prime factors of r?
7, 37
What are the prime factors of (33 - (-130)/(-4))/(2/118660)?
5, 17, 349
Let x be 9/6 - (16/4)/(-8). Suppose 2 = -2*z + x*k - 2, z - 18 = -4*k. Let v = 17 - z. List the prime factors of v.
3, 5
Let s = 212 + -93. Suppose 4*t + 29 + 81 = 5*v, 4*v = -3*t + s. What are the prime factors of v?
2, 13
Let j(u) = 96*u**2 + 21*u + 217. List the prime factors of j(-10).
13, 739
Let g(n) = 1207*n + 47. Let i(j) = -2413*j - 94. Let u(z) = -13*g(z) - 6*i(z). What are the prime factors of u(-1)?
2, 11, 53
Suppose 1337 = -3*b + 5*j, 2*b + 5*j + 883 = -0*b. Let s be ((-18)/4)/((-6)/b). List the prime factors of (-10)/(-20) - s/2.
167
Let p be ((1 - 5) + 14)/2. Suppose 15*i - 4020 = -p*i. List the prime factors of i.
3, 67
Suppose -d + 22 = -u, 5*u = 4*d - 5*d + 22. Suppose -5768 = d*q - 29*q. What are the prime factors of q?
2, 103
Suppose -57895 + 55977 = 51*d - 555829. What are the prime factors of d?
10861
Suppose 2 = 12*t - 34. Let p(s) = t*s - 38*s**2 - 42*s**2 + 83*s**2 - 274*s**3. What are the prime factors of p(-1)?
2, 137
Suppose -12*t = -11*t + 11*t - 251424. What are the prime factors of t?
2, 3, 97
Let f(i) = i**3 + 13*i**2 + 8*i + 30. Let o be f(14). Suppose 19*c - o = -3*c. What are the prime factors of c?
13, 19
Let r be 39*4/6 - (-18 + 17). Suppose r*l = 5467 + 10031. List the prime factors of l.
2, 7, 41
Let g(o) = o**3 + 72*o**2 - 45*o - 234. What are the prime factors of g(-72)?
2, 3, 167
Let g(y) = 4*y + 6. Let x be g(-1). Suppose -114 = -x*t + 5*u, 0 = -2*t + 3*u - 13 + 119. List the prime factors of t.
47
What are the prime factors of (-5*52/325)/(4/(-39110))?
2, 3911
Suppose 2*t - 13 = -1. Suppose 2 = -f - 3*m, -t*m + 3*m = 2*f + 16. List the prime factors of (-1239)/f - 3/(-2).
2, 3, 5
Let w be ((-18)/5 - 0)*(7 - 12). Suppose 0 = -2*f + w + 26. List the prime factors of 2310/f - (1 + 0).
2, 13
Suppose -55*m - 23760 = -46*m. Let v = -1512 - m. List the prime factors of v.
2, 3, 47
Let v be (1472/256)/(1/4). Suppose 0 = v*y - 24510 + 912. What are the prime factors of y?
2, 3, 19
Let u = 64 + -52. Suppose -8*q + u*q = 104. Let i = 35 - q. What are the prime factors of i?
3
Suppose -17*z - 18 = -20*z. Suppose 0 = 5*s + 3*g - 4*g + 30, -s + 5*g - z = 0. What are the prime factors of 37/(-7)*s + (-2)/(-7)?
2
Let d(t) = t**2 + t - 3. Let x(u) = -u**3 + 9*u**2 - 14*u - 6. Let k = 39 + -32. Let p be x(k). What are the prime factors of d(p)?
3
Suppose 115266 = -17*r + 100017 + 528870. What are the prime factors of r?
3, 373
Let o(q) = -q**3 - 10*q**2 + 11*q - 4. Let k be o(-11). Let b be 5*12/4 - k - -1. What are the prime factors of 1*-1 + b/5 - -23?
2, 13
Let k = 69807 + -47089. List the prime factors of k.
2, 37, 307
Let x = -13 + 15. Suppose -2*l + l + x = 0, -12 = -k + 4*l. List the prime factors of (-2)/(-4) - (-1290)/k.
5, 13
Let c = 92 - 93. What are the prime factors of (-8 + 9)*(72 - c)?
73
Let s(j) = 2*j**2 + 2*j - 14. Let v = -69 - -78. Suppose 3*x = 3*n - v, 3*x + 0*x + 49 = -5*n. What are the prime factors of s(x)?
2, 7
Let w be (90/(-36))/((-2)/4). Suppose 4*i + f = w*f + 6676, 2*i + f - 3323 = 0. What are the prime factors of i?
2, 13
What are the prime factors of 170/4*(-9072)/(-180)?
2, 3, 7, 17
Let x be (1 + -2)*(-12 - -14). What are the prime factors of 163 + (x + 1)*-2?
3, 5, 11
Suppose -4*m - 2*m = 6. Let c be (0 - (-1 - m)) + -5 + 6. Let p(k) = 48*k**3 - 2*k + 1. List the prime 